he remainder when 40112 is divided by 2192.
656
What is the remainder when 119785 is divided by 17090?
155
What is the remainder when 521121 is divided by 521110?
11
Calculate the remainder when 9494279 is divided by 78465.
14
What is the remainder when 29288104 is divided by 135?
124
What is the remainder when 2973373 is divided by 112?
109
What is the remainder when 2851607 is divided by 219?
8
What is the remainder when 3064508 is divided by 56749?
62
What is the remainder when 1059290 is divided by 529559?
172
What is the remainder when 80201 is divided by 637?
576
What is the remainder when 534 is divided by 260?
14
What is the remainder when 219146 is divided by 1033?
150
Calculate the remainder when 645545962 is divided by 1028.
1026
What is the remainder when 195003 is divided by 2169?
1962
What is the remainder when 84633 is divided by 44?
21
Calculate the remainder when 3751282 is divided by 159.
154
Calculate the remainder when 1080343 is divided by 360084.
91
Calculate the remainder when 13788727 is divided by 17410.
7
Calculate the remainder when 771067371 is divided by 17.
3
What is the remainder when 213067293 is divided by 6?
3
Calculate the remainder when 63176 is divided by 3326.
3308
Calculate the remainder when 168413 is divided by 33654.
143
What is the remainder when 490461419 is divided by 11686?
11685
What is the remainder when 279310 is divided by 588?
10
Calculate the remainder when 971553 is divided by 971452.
101
Calculate the remainder when 300232835 is divided by 1367.
1359
Calculate the remainder when 492482 is divided by 98491.
27
What is the remainder when 1808517 is divided by 301404?
93
What is the remainder when 8615 is divided by 434?
369
Calculate the remainder when 67890 is divided by 16954.
74
What is the remainder when 88825850 is divided by 21649?
3
Calculate the remainder when 38460200 is divided by 457.
451
What is the remainder when 388426 is divided by 478?
290
Calculate the remainder when 7111 is divided by 6819.
292
What is the remainder when 3601873 is divided by 3601686?
187
Calculate the remainder when 8559 is divided by 8550.
9
What is the remainder when 1851493 is divided by 11944?
173
Calculate the remainder when 348890 is divided by 34696.
1930
What is the remainder when 32732694 is divided by 165?
159
What is the remainder when 52931 is divided by 4909?
3841
Calculate the remainder when 398169 is divided by 27.
0
What is the remainder when 1662615 is divided by 319?
306
What is the remainder when 108476 is divided by 673?
123
Calculate the remainder when 51167928 is divided by 5914.
0
Calculate the remainder when 3333956 is divided by 168.
164
Calculate the remainder when 242828 is divided by 1103.
168
Calculate the remainder when 22492023 is divided by 397.
385
Calculate the remainder when 931869 is divided by 76.
33
What is the remainder when 364668 is divided by 517?
183
What is the remainder when 5614681 is divided by 155963?
13
What is the remainder when 113454 is divided by 779?
499
Calculate the remainder when 3701516 is divided by 1233305.
1601
What is the remainder when 4424947 is divided by 1?
0
Calculate the remainder when 551594 is divided by 4086.
4070
What is the remainder when 6515424 is divided by 94?
2
What is the remainder when 367561 is divided by 52250?
1811
Calculate the remainder when 5516443 is divided by 67.
65
Calculate the remainder when 29538456 is divided by 94.
84
What is the remainder when 295007 is divided by 219?
14
Calculate the remainder when 188326 is divided by 1224.
1054
What is the remainder when 1638935095 is divided by 180?
175
What is the remainder when 139721 is divided by 10644?
1349
Calculate the remainder when 97059099 is divided by 49.
46
Calculate the remainder when 10366812 is divided by 50.
12
What is the remainder when 427506030 is divided by 3482?
3480
Calculate the remainder when 395605059 is divided by 5.
4
What is the remainder when 2864 is divided by 700?
64
What is the remainder when 524180 is divided by 9360?
20
Calculate the remainder when 80662285 is divided by 173.
170
What is the remainder when 122368893 is divided by 2723?
2719
What is the remainder when 180313151 is divided by 55?
51
Calculate the remainder when 8628698 is divided by 105228.
2
Calculate the remainder when 385952 is divided by 192695.
562
Calculate the remainder when 365584 is divided by 46.
22
Calculate the remainder when 118543 is divided by 9857.
259
What is the remainder when 8317255 is divided by 166?
157
What is the remainder when 18933114 is divided by 1920?
1914
Calculate the remainder when 173374 is divided by 85087.
3200
What is the remainder when 258288 is divided by 1285?
3
What is the remainder when 17333317 is divided by 787878?
1
What is the remainder when 494136 is divided by 65?
6
What is the remainder when 9935172 is divided by 1183?
338
Calculate the remainder when 51064691 is divided by 644.
643
Calculate the remainder when 432340 is divided by 2113.
1288
Calculate the remainder when 123711660 is divided by 8812.
8804
What is the remainder when 642133380 is divided by 19?
13
What is the remainder when 926831 is divided by 8059?
46
Calculate the remainder when 48755 is divided by 455.
70
Calculate the remainder when 4674239 is divided by 565.
559
Calculate the remainder when 2689788 is divided by 2689773.
15
Calculate the remainder when 854951 is divided by 13358.
39
Calculate the remainder when 3341945 is divided by 1635.
5
What is the remainder when 11660879 is divided by 481?
477
Calculate the remainder when 309260782 is divided by 17.
12
Calculate the remainder when 17672 is divided by 1231.
438
What is the remainder when 155591 is divided by 16920?
3311
Calculate the remainder when 1215418 is divided by 4372.
2
Calculate the remainder when 4434429 is divided by 25932.
57
Calculate the remainder when 311813270 is divided by 152.
14
Calculate the remainder when 132661 is divided by 943.
641
What is the remainder when 26939 is divided by 3778?
493
What is the remainder when 6118221 is divided by 6867?
6591
Calculate the remainder when 115291 is divided by 115028.
263
Calculate the remainder when 11249 is divided by 282.
251
What is the remainder when 27882 is divided by 22850?
5032
Calculate the remainder when 88316 is divided by 3048.
2972
Calculate the remainder when 447599 is divided by 475.
149
What is the remainder when 1740985 is divided by 248710?
15
Calculate the remainder when 2518329 is divided by 1184.
1145
What is the remainder when 24470290 is divided by 116?
90
Calculate the remainder when 294104398 is divided by 20.
18
Calculate the remainder when 1933002 is divided by 168.
162
Calculate the remainder when 641799842 is divided by 3657.
3656
Calculate the remainder when 221421850 is divided by 23.
22
Calculate the remainder when 163250 is divided by 13.
9
What is the remainder when 429754 is divided by 23852?
418
What is the remainder when 40160882 is divided by 385?
377
What is the remainder when 59914541 is divided by 2267?
2265
Calculate the remainder when 120977062 is divided by 239.
42
What is the remainder when 2785980 is divided by 500?
480
What is the remainder when 3411857 is divided by 294?
281
What is the remainder when 27180838 is divided by 140?
118
Calculate the remainder when 82558446 is divided by 2639.
2609
Calculate the remainder when 182210354 is divided by 4857.
4856
What is the remainder when 17585 is divided by 924?
29
Calculate the remainder when 9323970 is divided by 1708.
1706
What is the remainder when 45137 is divided by 4405?
1087
What is the remainder when 106883088 is divided by 109849?
11
What is the remainder when 741554 is divided by 740808?
746
What is the remainder when 100606 is divided by 2874?
16
What is the remainder when 1384872 is divided by 517?
346
What is the remainder when 154289 is divided by 796?
661
Calculate the remainder when 294203 is divided by 7741.
45
Calculate the remainder when 153495 is divided by 30666.
165
What is the remainder when 148064 is divided by 14783?
234
What is the remainder when 893046 is divided by 2354?
880
Calculate the remainder when 1556974 is divided by 2862.
46
What is the remainder when 1659371 is divided by 3161?
3007
Calculate the remainder w